{"id":1545,"date":"2017-08-02T12:19:13","date_gmt":"2017-08-02T12:19:13","guid":{"rendered":"http:\/\/kpd.kpd-tst.qumak.pl\/?page_id=1545"},"modified":"2017-10-12T13:59:08","modified_gmt":"2017-10-12T13:59:08","slug":"sluzby-ratownicze","status":"publish","type":"page","link":"https:\/\/kpd.gddkia.gov.pl\/index.php\/pl\/sluzby-ratownicze\/","title":{"rendered":"S\u0141U\u017bBY RATOWNICZE"},"content":{"rendered":"<div id=\"pl-1545\"  class=\"panel-layout\" ><div id=\"pg-1545-0\"  class=\"panel-grid panel-no-style\" ><div id=\"pgc-1545-0-0\"  class=\"panel-grid-cell\" ><div id=\"panel-1545-0-0-0\" class=\"so-panel widget widget_sow-editor panel-first-child panel-last-child\" data-index=\"0\" ><div\r\n\t\t\t\r\n\t\t\tclass=\"so-widget-sow-editor so-widget-sow-editor-base\"\r\n\t\t\t\r\n\t\t>\r\n<div class=\"siteorigin-widget-tinymce textwidget\">\r\n\t<p style=\"text-align: left;\">- <em>pozyskaj\u0105 wiarygodn\u0105 informacj\u0119 o utrudnieniach, co umo\u017cliwi szybki dojazd do potrzebuj\u0105cych pomocy<\/em><\/p>\n<p style=\"text-align: left;\">KPD usprawni prac\u0119 operacyjn\u0105 s\u0142u\u017cb ratowniczych w zakresie obs\u0142ugi zdarze\u0144, w szczeg\u00f3lno\u015bci zdarze\u0144 drogowych.<\/p>\n<p style=\"text-align: left;\">Mo\u017cliwe b\u0119dzie dok\u0142adne zlokalizowanie miejsca zdarzenia na drodze i wys\u0142anie tam\u017ce jednostki ratunkowej przez centrum operacyjne pogotowia ratunkowego. Jest to szczeg\u00f3lnie istotne w sytuacji, gdy osoba zg\u0142aszaj\u0105ca zdarzenie na drodze zamiejskiej jest w stanie poda\u0107 jedynie numer i kilometr drogi na kt\u00f3rym dosz\u0142o do zdarzenia. Dyspozytor s\u0142u\u017cby ratunkowej - nie maj\u0105c dost\u0119pu do systemu zawieraj\u0105cego kilometra\u017c drogi \u2013 cz\u0119sto nie jest w stanie zadysponowa\u0107 karetki do w\u0142a\u015bciwego miejsca zdarzenia. Wsp\u00f3\u0142praca z KPD wyeliminuje tak\u017ce przypadki, kiedy osoby bior\u0105ce udzia\u0142 w zdarzeniu, b\u0119d\u0105c z regu\u0142y pod wp\u0142ywem emocji, nie s\u0105 w stanie udzieli\u0107 dok\u0142adnych informacji dotycz\u0105cych ich lokalizacji.<\/p>\n<p style=\"text-align: left;\">KPD u\u0142atwi tak\u017ce utworzenie korytarza ratunkowego, kt\u00f3ry umo\u017cliwia pojazdom ratowniczym przejazd bez oczekiwania na woln\u0105 drog\u0105 i bez manewr\u00f3w omijania stoj\u0105cych pojazd\u00f3w. Pozwoli to zaoszcz\u0119dzi\u0107 cenny czas, kt\u00f3ry mo\u017ce mie\u0107 kluczowe znaczenie w sytuacjach zagro\u017cenia \u017cycia.<\/p>\n<\/div>\r\n<\/div><\/div><\/div><\/div><\/div>","protected":false},"excerpt":{"rendered":"<p>&#8211; pozyskaj\u0105 wiarygodn\u0105 informacj\u0119 o utrudnieniach, co umo\u017cliwi szybki dojazd do potrzebuj\u0105cych pomocyKPD usprawni prac\u0119 operacyjn\u0105 s\u0142u\u017cb ratowniczych w zakresie obs\u0142ugi zdarze\u0144, w szczeg\u00f3lno\u015bci zdarze\u0144 drogowych.Mo\u017cliwe b\u0119dzie dok\u0142adne zlokalizowanie miejsca zdarzenia na drodze i wys\u0142anie tam\u017ce jednostki ratunkowej przez centrum operacyjne pogotowia ratunkowego. Jest to szczeg\u00f3lnie istotne w sytuacji, gdy osoba zg\u0142aszaj\u0105ca zdarzenie na drodze [&hellip;]<\/p>\n","protected":false},"author":1,"featured_media":0,"parent":0,"menu_order":0,"comment_status":"closed","ping_status":"closed","template":"","meta":{"footnotes":""},"_links":{"self":[{"href":"https:\/\/kpd.gddkia.gov.pl\/index.php\/wp-json\/wp\/v2\/pages\/1545"}],"collection":[{"href":"https:\/\/kpd.gddkia.gov.pl\/index.php\/wp-json\/wp\/v2\/pages"}],"about":[{"href":"https:\/\/kpd.gddkia.gov.pl\/index.php\/wp-json\/wp\/v2\/types\/page"}],"author":[{"embeddable":true,"href":"https:\/\/kpd.gddkia.gov.pl\/index.php\/wp-json\/wp\/v2\/users\/1"}],"replies":[{"embeddable":true,"href":"https:\/\/kpd.gddkia.gov.pl\/index.php\/wp-json\/wp\/v2\/comments?post=1545"}],"version-history":[{"count":8,"href":"https:\/\/kpd.gddkia.gov.pl\/index.php\/wp-json\/wp\/v2\/pages\/1545\/revisions"}],"predecessor-version":[{"id":2440,"href":"https:\/\/kpd.gddkia.gov.pl\/index.php\/wp-json\/wp\/v2\/pages\/1545\/revisions\/2440"}],"wp:attachment":[{"href":"https:\/\/kpd.gddkia.gov.pl\/index.php\/wp-json\/wp\/v2\/media?parent=1545"}],"curies":[{"name":"wp","href":"https:\/\/api.w.org\/{rel}","templated":true}]}}